0. Suppose -177 = -2*z - h. Calculate the remainder when z is divided by (2/(-6) - 0)/((-61)/2379).
11
Let q be 7/(-12)*2319 - 1/4. What is the remainder when q/(-99)*(2 - -1) is divided by 15?
11
Suppose -20*r = 890 - 1170. What is the remainder when 8581 is divided by r?
13
Let w(g) = -g**3 + 76*g**2 - 45*g + 220. Calculate the remainder when w(75) is divided by 165.
160
Let i(s) = -s**3 + 4*s**2 + 14*s + 23. Let a be i(-5). Let u = -175 + a. Calculate the remainder when 5 is divided by u.
2
Let b(a) = -175*a**2 + 93*a**2 + 84*a**2 + 19*a + 43. Calculate the remainder when b(-10) is divided by 18.
17
Let h(s) = 36*s - s**2 + 3*s - 81 + 3. Calculate the remainder when h(36) is divided by 23.
7
Let l = 81 - 135. Let c = l - -57. Suppose -c*t + 92 = -397. What is the remainder when t is divided by 33?
31
Let r be (3/(-2))/(-5 - (-2798)/560). Let p = r + -415. What is the remainder when 27 is divided by p?
2
Let q(f) = 7*f - 83. Suppose 0 = 4*g + 2*x - 50 - 28, -2*x + 42 = 2*g. Calculate the remainder when 167 is divided by q(g).
38
Let q be 4/9 + (-3290)/315. What is the remainder when 194 is divided by (-14)/(q/20 - 0)?
26
Let i(z) = 3427*z + 13802. Calculate the remainder when i(-4) is divided by -2*2/8*-68.
26
Let p(n) = 2*n + 19. Let v(s) = -7 + 1 - 3*s**2 - 2*s + 4*s**2 + s. Let g be v(3). Calculate the remainder when 75 is divided by p(g).
18
Let p(b) = b**3 - 38*b**2 + 74*b - 10. Let r be p(36). Let y = r - 36. What is the remainder when 60 is divided by y?
8
Suppose 422 = -5*v + 2*p - 135, -3*v - 3*p - 351 = 0. Let d = -54 - v. Calculate the remainder when d is divided by -5*1*(-66)/22.
14
Suppose 0 = -29*t + 31*t - 1232. Suppose 6*v = -v + t. What is the remainder when v is divided by 4 - 3 - -2*11?
19
Let m(r) = 3*r**2 - 106*r + 2189. Calculate the remainder when m(47) is divided by 320.
314
Let u = -34 - -35. Let s = 200 + u. Suppose -12*y - s = -15*y. What is the remainder when y is divided by 18?
13
Suppose 6 = -2*j + 4*r, -5*r = -j - 8 - 1. Let m = 166 - 28. What is the remainder when m is divided by j*9*5*4/5?
30
Suppose -22*z + 5*z = -11288. Suppose 46*x = 38*x + z. Calculate the remainder when x is divided by 28.
27
What is the remainder when 3049 is divided by (-48)/32 - 375/(-6)?
60
Let q = -817 + 823. Suppose -3*n + 225 = q*n. What is the remainder when 572 is divided by n?
22
Let r(t) = -t**2 - 16*t + 51. What is the remainder when 1912 is divided by r(-15)?
64
Let k(p) = p**3 + 14*p**2 + 12*p - 8. Let h be k(-13). Suppose 5*g - 4*l - 957 = -5*l, -g + h*l + 207 = 0. Calculate the remainder when g is divided by 14.
10
Let v = -34761 - -48380. Calculate the remainder when v is divided by 60.
59
Let n = 158 - 153. Suppose -k - 5*c - 2 = -5, 3*k + 3*c = 9. Suppose k*s = 50 - 11. Calculate the remainder when s is divided by n.
3
Let u = 438 - 441. Let x(y) = -5*y**3 - y**2 - 6*y - 26. Calculate the remainder when x(u) is divided by 31 - (-1 - (1 + -3)).
28
Let v(h) = 10*h**3 - 5*h**2 - 2*h - 1. Let u be v(-3). What is the remainder when (u - 32)*(-4)/6 is divided by 23?
21
Let v(z) = 22*z**3 - 3*z**2 - 136*z + 274. What is the remainder when 332 is divided by v(2)?
0
Suppose 616 = x + 3*p, -5*x + 3*p + 3114 = p. Let k = -615 + x. What is the remainder when k is divided by 1?
0
Let p(i) be the first derivative of 2*i**3 + 26*i**2 - 17*i - 38. Calculate the remainder when p(-10) is divided by 16.
15
Suppose -124*q + 392*q = 140*q + 76800. What is the remainder when q is divided by 159?
123
Suppose 7*m = -202 + 552. Suppose -k = -m + 16. Let w(z) = -6*z. Calculate the remainder when k is divided by w(-2).
10
Suppose 149 - 154 = -r. Let x(u) = u**3 - 5*u**2 + 4*u + 9. Let f = 3 + 2. What is the remainder when x(r) is divided by f?
4
Suppose -3*x - 5*v + 20 = -8*x, -4*x + 5*v - 20 = 0. Suppose -2*p = -x*p - 22. Calculate the remainder when 4/(-64) - (-1924)/64 is divided by p.
8
Let u(a) = 2*a**2 - 152*a - 1843. Calculate the remainder when 1700 is divided by u(-11).
67
Suppose -1074 = 168*d - 165*d. Let f = d - -367. Calculate the remainder when 70 is divided by f.
7
Let i(j) = -9 + 31*j + 825*j**2 - 411*j**2 - 416*j**2. What is the remainder when 32 is divided by i(15)?
2
Suppose 5*r = -2*x + 8, -3*r = 3*x + 2 - 14. Suppose -m + r*m + 171 = 0. What is the remainder when m is divided by 29?
26
Let f(c) = c. Let a(d) = 2*d - 21. Let i(g) = a(g) + 3*f(g). Suppose 1 - 15 = -2*p. Calculate the remainder when 39 is divided by i(p).
11
Suppose -5*z + 9 = -66. Suppose -2*r - 3*r = -5*j - 40, -2*r = 5*j + 5. What is the remainder when z is divided by (3/r)/((-4 - -8)/20)?
0
Let r(t) be the second derivative of 8*t**2 + 11/6*t**3 - 1/20*t**5 - 5/12*t**4 + 0 - 5*t. Calculate the remainder when 109 is divided by r(-7).
35
Let b(m) = -2*m**3 - m - 10. Let d be b(-4). Suppose 0 = 12*g - 70 - d. What is the remainder when 127 is divided by g?
15
Calculate the remainder when 1749 is divided by 10*6*(-2)/90*102/(-8).
15
Let q = -59 - -77. Suppose -y = -q - 167. Calculate the remainder when y is divided by 11.
9
What is the remainder when (((-675)/27)/25)/(-1 - (-896)/898) is divided by 144?
17
Let z = -44 + 44. Suppose z = 3*k - 206 - 103. What is the remainder when k is divided by 38?
27
Let y be -1*10*3/24*-4. Suppose -33 = -3*v - 2*u, -v - 3*u = -y*v + 61. Suppose 0 = -i + 20 - v. Calculate the remainder when i is divided by 3.
1
Let t(c) = -3*c - 3 - 5 + 1 + 7*c. Let f = -7215 + 7219. What is the remainder when t(5) is divided by f?
1
Suppose -10*b = -12*b - 8. Let z be (b - -1) + (-4)/(-1) + -3. What is the remainder when (-64 + 0 + -6)*(z - -1) is divided by 24?
22
Suppose -3*f + 402 = -252. Suppose 0 = 10*q - 20 - 242 + 62. Calculate the remainder when f is divided by q.
18
What is the remainder when 50/(-90) + (-50435)/(-63) is divided by 255?
35
Let o be (-4 + 55/15)*-9. Let h be ((-15)/9 - -2) + 332/o. Let c = h + -61. Calculate the remainder when c is divided by 14.
8
Let k(n) be the first derivative of 29*n + 1/3*n**3 - 17 + 15/2*n**2. Calculate the remainder when k(-13) is divided by 3.
0
Suppose -5*u + 260 = 5*v, 3*v - u - 104 = 60. Let f(d) = -d**3 + 6*d + 6. What is the remainder when v is divided by f(-3)?
9
Suppose -4*a - 32 = 2*f, 4*a + 27 = -5*f - 5. Calculate the remainder when 42 is divided by (126/(a + 1))/(1*-2).
6
Suppose -2*r + 5 + 9 = 0. Let o be 72/27*(r - 1). What is the remainder when (-2)/(o/(-28))*4 is divided by 6?
2
Suppose 0 = 3*r - b - 252, 1403*b = -2*r + 1401*b + 152. What is the remainder when 285 is divided by r?
39
Let i = 278 - 254. Suppose g - 41 = -2*r, -101 + i = -4*r - 3*g. What is the remainder when 78 is divided by r?
9
Let o = 162 - 145. Let m be ((-24)/20)/(2/(-20)*-2). What is the remainder when o is divided by m + 2 + (13 - (-1 + -4))?
3
Suppose -7*h = -3*h - 8. Suppose -h*g = -2*f + 3*f - 75, -229 = -3*f - 4*g. Calculate the remainder when f is divided by 31.
17
Suppose 0*l + 21 = 3*l. Let m(y) = l*y**2 + 7*y**2 + 4*y - 2*y - 6*y**2 + 1. Calculate the remainder when m(-2) is divided by 17.
12
Let v(h) = -h**3 - 12*h**2 - 36*h - 13. Let c be v(-7). What is the remainder when 29 is divided by (-3)/c*8 - 2/(-2)?
4
Let j(n) be the third derivative of 3*n**4/2 - 52*n**3/3 + 25*n**2 + 1. Calculate the remainder when 34 is divided by j(3).
2
Suppose -167 = h - 0*h - 2*c, 5*c = 3*h + 504. Let v = h + 178. Calculate the remainder when v is divided by 3.
2
Let h(x) = -288*x + 1890. Calculate the remainder when h(6) is divided by 126.
36
Let c(w) = 3751*w + 237. What is the remainder when c(2) is divided by 20?
19
Let v = 21 - 24. Let s be (v - 0)/((-3)/4). Suppose -4 = -2*j + s. Calculate the remainder when j is divided by 2.
0
Suppose t + 10 = 2*l, -2*l = 3*l + 4*t - 25. Let q be (-2)/(l/(-1 + 16)). Calculate the remainder when 8 is divided by (-2)/(-2) + (-4 - q).
2
Let y(x) = x**2 - 17*x - 79. Let h be y(21). Suppose 0 = -2*u + w + 268 - h, -w = 4*u - 535. What is the remainder when u is divided by 9?
7
Let n = 1 + 6. Calculate the remainder when (-302)/(-8) - (6/10)/((-1524)/635) is divided by n.
3
Calculate the remainder when 50 is divided by 58/(-435) - (-647)/15.
7
Suppose -4*q - 4 = -12. Suppose 0 = -q*w - 12 + 120. Suppose n = t + 15, -113*t = 5*n - 111*t - 68. Calculate the remainder when w 